hat is the value of 1 + -2 + 98 + -91 + -1?
5
What is -17 - -17 - 3 - 8?
-11
What is the value of (0 - (-7 + 5) - -2) + (-1 - -9)?
12
Evaluate 3362 + -3381 - (1 - 16).
-4
What is the value of -17 + 26 + 28 + -43?
-6
Evaluate -10 + 10 + (3 - -3).
6
What is the value of (-7 - -13) + -23 + 21?
4
Evaluate 7 + -8 + -8 - -4 - -11.
6
What is -5 - (9 + (8 - 13) + 2)?
-11
What is the value of (0 - 3) + (-95 - -114)?
16
(2 - 0 - (-37 + 41) - -6) + -6
-2
What is the value of 4 + (1 - -5) + (7 - 1)?
16
Evaluate 8 + -13 + 32 + -9.
18
Calculate 4 + 1 - -2 - (-2 + (-22 - -37)).
-6
What is the value of 54 - 40 - (-2 - (-10 - 0))?
6
What is (-2 - -5 - 0) + -155 + 149 + -2?
-5
(2 - 23 - -8) + 14 - -7
8
Calculate 5 - (-4 - -10 - -2).
-3
What is the value of -15 + -26 + (-93 - -111)?
-23
(-6 + 4 + 5 - 0) + -5
-2
What is the value of (-1 - 1) + (9 - 7) - (-18 - -11)?
7
What is the value of (-79 - -59) + 22 + (6 - 0 - 1)?
7
29 + -1 + -77 + 39 + 25
15
What is -17 - (0 - 12 - (99 + -101))?
-7
What is 3 + -5 + (16 - (13 + -6)) + 4?
11
1 + -7 + (-54 + 41 - -56)
37
What is 0 + 4 + 1 + -14?
-9
Calculate -13 + 0 - (-32 + (19 - 3)).
3
Calculate 55 - (-100 + 119) - (18 + 1).
17
What is the value of (-2 - (4 - 4 - 1)) + (17 - 6)?
10
What is (1 + 11 + -19 - -21) + (-7 - 2)?
5
What is the value of 23 - (-3 + -13 + 16 + -7)?
30
Calculate (7 - 1) + (23 - 38).
-9
What is 14 + -15 + -5 + 12?
6
What is the value of 3 - 3 - (2 + -12 + 8)?
2
Evaluate 4 - (14 + (10 - 8)).
-12
Evaluate 36 + -19 - (-1 + 14) - 12.
-8
What is (0 - 17) + ((5 - -1) + -7 - 2)?
-20
22 - (5 + -17 + 40)
-6
Calculate (19 - (-4 - -3)) + (-27 - -27).
20
Evaluate 3 + 0 + (-15 - -2).
-10
Evaluate (6 - -25) + -10 + -3.
18
Calculate -11 - ((12 - -1) + -21 - (1 - 11)).
-13
What is the value of (5 - -6 - (17 + -11)) + (0 - 2)?
3
Calculate -12 + (14 - 9) - (-2 + 1).
-6
What is (-10 - 3 - -20) + -8?
-1
43 + -44 - (0 + -1) - 3
-3
-59 + 63 - (6 + (-31 - -11))
18
Calculate -1 + 2 - -1 - (-56 + 50).
8
What is the value of -23 + -3 - (-197 + 170)?
1
What is the value of -16 - (-19 + -15 + 11)?
7
What is the value of (0 - -2) + (76 - 67)?
11
Evaluate 4 - (6 + -5) - -9.
12
What is the value of 2 + 0 - (-7 - -3) - (-18 - -26)?
-2
What is the value of -4 + (0 - -4) + (-6 - (-6 - -6))?
-6
Calculate (-1 + 4 - 0) + -8 - (24 - 24).
-5
What is the value of (22 - 159) + 98 - (-1 - 16)?
-22
-22 + 60 + -28 - 25
-15
What is 26 - 50 - (-3 - (-4 - -8))?
-17
What is the value of (171 - 177) + (-4 - -3 - -3 - 7)?
-11
Calculate -10 + 31 - (6 - -6) - 6.
3
What is 23 - (8 + -2 + (-9 - -4) + 3)?
19
-2 + 9 + (1 + 0 - (3 + -6))
11
What is the value of (-2 + 6 - 10 - -8) + (-2 - 2)?
-2
Evaluate 2 + (-14 - -5) - 2 - (-1 - 2).
-6
24 - (-9 + -7 + 9 + 17)
14
5 + (9 - 8) + 1
7
What is the value of 7 + (-11 - -6) - 3 - 7 - 5?
-13
(27 - (-7 - -26)) + 0 + -5
3
Calculate (-4 + -1 - -1) + -1 - (-7 + 4).
-2
What is (1 - 9) + (68 - (43 + 1))?
16
What is -15 + (0 - 17) - (-1 + -14)?
-17
-7 + (-4 - -4 - -2)
-5
What is the value of -13 + 32 - (-27 - -26)?
20
What is -1 - 4 - ((-13 - (9 - 6)) + -3)?
14
Evaluate -2 + 9 + (-14 - (-9 + 1 + 0)).
1
Calculate 7 - 2 - -3 - (-25 - (7 + -22)).
18
What is the value of 14 + (-41 - -12 - 5)?
-20
What is the value of 0 + 1 + (-5 - 0) + (-35 - -37)?
-2
Evaluate -12 - -7 - (0 + 4) - 5.
-14
What is the value of -3 + (17 - 3) - (22 + -16)?
5
Evaluate -3 + 1 + -95 + 84 - 16.
-29
Calculate 7 - (-24 + 16 - (-6 - 1)).
8
What is the value of 6 + -26 + (2 + -9 - 0)?
-27
Evaluate 16 + (-3 + 0 - (-1 + -9 + 12)).
11
What is -4 + (-2 - -21 - (1 + 5))?
9
Calculate 8 + -24 + 8 + 23.
15
-11 + -11 - (8 - 20)
-10
What is (4 - (-7 - -12)) + 11 - 11?
-1
0 + (8 + -8 - (7 + -15))
8
What is (9 - 3) + -3 + 0 + 1 + 2?
6
-8 - ((-25 - -12) + (-1 - -6 - 0))
0
Calculate 8 + ((4 - 18) + 5 - -13).
12
What is (13 - 4) + (6 + 0 - (71 + -69))?
13
Evaluate (1 - (-2 - -15)) + 598 + -590.
-4
Evaluate -2 + (-8 + 1 - 1 - 8).
-18
-11 - (-1 - -3) - -6
-7
What is the value of -10 + -2 + (-35 - -50)?
3
What is the value of 0 - (8 - 6) - -7?
5
(-27 + 2 + 10 - -6) + 24
15
What is the value of (-1 + -3 - -2) + -54 + 69?
13
1 + (-3 - (-9 - -3)) + -8
-4
Evaluate -8 + 7 - ((6 - 9) + 2).
0
Calculate (1 - 0) + -12 + 15 - (-4 - 0).
8
What is the value of 39 - (10 - (17 - (10 + 5)))?
31
What is the value of -28 - (-29 + 0 - -19)?
-18
Evaluate 9 + (-2 - -6 - 10) - (-16 - -11).
8
Calculate (-4 - -7) + 6 - 5.
4
What is 2 - 0 - ((25 - 3) + (2 - 10))?
-12
Evaluate 12 + (6 + (-11 - (-2 + -8)) - 8).
9
What is -13 + (57 - 3) + -3 + (7 - 10)?
35
Calculate 5 - (-6 + 4) - (11 - (9 - 1)).
4
What is -1 - -4 - (0 - -1) - -2?
4
What is -3 + -30 + 19 + 8?
-6
What is the value of (0 - -10 - (22 - 17)) + 16 + -3?
18
Evaluate -8 - (2 + 7) - (2 + -16).
-3
0 - (-2 + 10) - (-125 - -102)
15
Evaluate (-4 - 1) + -2 + (-16 + 2 - -12).
-9
What is 142 + -153 + (-1 - (-3 + 2))?
-11
Evaluate 29 + -17 + -25 + 32.
19
What is the value of -13 + 5 + 10 - (4 - 2 - -11)?
-11
Calculate 1 + -7 + 12 + (-1 - 0 - 3).
2
Calculate (11 - 27 - 12) + 36.
8
What is the value of -2 + -28 + (-145 - -154) + -2 + -1?
-24
What is the value of 2 - (238 + -273 + -1 + 10 + -1)?
29
Calculate 3 + -8 + -1 + 10 + -5 + 8.
7
What is the value of 1 + 1 + -160 + 146?
-12
What is 8 + -1 + (-14 - (-13 - 12))?
18
What is the value of -5 + 9 - -4 - (23 - -1)?
-16
Evaluate -4 - (-1 - (2 + -5)) - (6 - -6).
-18
Calculate -6 - ((31 - 28) + -17).
8
-3 - -14 - (-17 - -16)
12
What is (-2 - -6 - (-10 - -14 - 4)) + -2?
2
Calculate 18 - (-11 - -14 - -13).
2
What is -13 - -1 - (-196 - -169)?
15
What is the value of -19 + (-6 - -17) - (-13 - 3)?
8
Calculate -12 + 3 + 15 + -5.
1
What is 27 - 6 - (-12 + 1)?
32
-1 + 1 - -28 - (-41 - (-50 + -2))
17
What is the value of -7 + 13 - (0 - 0 - (46 + -48))?
4
What is -44 + 19 - -15 - -20?
10
What is the value of 4 - (3 + -6 - (-12 + 8) - 6)?
9
Evaluate -19 - (72 + -81) - (1 - 1).
-10
Evaluate -7 + 0 + (69 - 53).
9
430 + -427 - (0 - 2)
5
What is the value of -7 - (30 + -41 - -18)?
-14
453 + -444 - (-2 - 1)
12
Evaluate 5 + 2 + (-2 - -8) + -10.
3
Calculate 2 + -6 - ((-10 - -9 - 26) + 3).
20
Calculate 64 + -49 - (9 - 8 - -43).
-29
(-11 - (-2 + -7)) + (12 - 23)
-13
-25 - -34 - (42 - (2 + -3))
-34
What is (17 - 5) + 3 + -6?
9
What is 40 + (-20 + -25 - -6)?
1
-1 + -7 - (-57 + 47)
2
-26 + 41 + (1 - -9) + 4
29
-18 - -11 - (5 + -3 - -5)
-14
Evaluate -18 - (11 + -33) - -6.
10
0 + 2 - 6 - (12 + -15) - -38
37
What is (3 - 6) + 4 - 13?
-12
Evaluate -6 + -11 + 29 + -14 + -20.
-22
What is the value of -119 + 106 + 26 + -1?
12
What is the value of 21 + 8 + -4 + -2 + (0 - 6)?
17
What is the value of (0 - -9) + -8 + -4 - -7?
4
209 - 218 - (2 - 4)
-7
Evaluate -3 + -17 + 7 + 18.
5
What is 9 + (3 - ((-5 - -5) + -1))?
13
What is 8 + 30 - 12 - 13?
13
What is the value of 20 - (4 + -12 + 0)?
28
-5 + (-24 + 52 - 11)
12
Evaluate 6 + (4 - -3) + -1 + -3 - -6.
15
Evaluate 7 + -5 - 15 - -20.
7
What is -5 - -1 - (-9 - (7 + -22)) - -5?
-5
Calculate -23 + 41 - 7 - 17.
-6
5 + 18 + -5 + -68 + 69
19
What is 2 - 4 - 3 - (159 - 166)?
2
Calculate (2 + -2 - (-1 + -7)) + -10.
-2
Evaluate 5 - (-17 + 18 + -7 + 10 + -1).
2
Evaluate 1 - (-5 - (-11 + 1 + 5)).
1
Calculate 1 + -6 + (10 - (11 - (6 + -7))).
-7
Calculate (5 - (1 + (3 - 4)) - 1) + -7.
-3
Calculate -19 - (-12 + (-13 + 2 - -12)).
-8
Evaluate 4 + 3 + (-28 - -19) + (1 - 0).
-1
38 - (18 - (-48 + 9))
-19
What is 3 - 8 - (-10 + 21 + -9 + -14)?
7
Calculate -47 + -30 + 47 - (-11 - (-3 - -3)).
-19
Evaluate 17 - (3 + (10 - 0)).
4
What is the value of 4 + -18 - (-10 + -23)?
19
Evaluate 26 + (22 - 27) + -19.
2
What is (-26 - (-14 - -7)) + 6?
-13
What is -105 - -119 - (8 - 2)?
8
-14 + -5 + 3 - (-21 + 11 - -8)
-14
Evaluate -3 + (-36 - -40 - (-1 - 7)).
9
What is -2 + -2 - (-7 + -5) - (1 - -4)?
3
What is the value of 11 + -10 - (2 - (-19 - (-1 + -3)))?
-16
4 + (-4 - 26) + 15
-11
Calculate -17 - -17 - (-18 - (-2 + 2)).
18
Calculate 187 - 236 - (-23 + 0).
-26
Evaluate 30 - 22 - 35 - -6.
-21
What is the value of (-1 - 1 - (138 - 129)) + (-1 - -9)?
-3
-26 + 3 + -3 + 54
28
Calculate (-10 - (-45 - -27)) + (-7 - (-1 - -2)).
0
What is the value of 5 - -5 - (7 + -23 - -10)?
16
Calculate -5 - (-3 + -6 + 14).
-10
What is the value of -40 - (2 - (-4 - -27))?
-19
Calculate -2 + 30 + -24 + (2 - 0).
6
Evaluate -32 + 38 - (-13 - -20